 millions digit of 458466733?
8
What is the ten millions digit of 11572123?
1
What is the hundred thousands digit of 39649358?
6
What is the ten millions digit of 42865106?
4
What is the units digit of 51481472?
2
What is the tens digit of 5277843249?
4
What is the ten thousands digit of 312668745?
6
What is the hundred thousands digit of 111705534?
7
What is the units digit of 96352636?
6
What is the hundred thousands digit of 11338702?
3
What is the millions digit of 527670390?
7
What is the units digit of 21796942?
2
What is the millions digit of 4874860613?
4
What is the ten thousands digit of 640073542?
7
What is the ten millions digit of 3551957248?
5
What is the ten thousands digit of 42074531?
7
What is the hundreds digit of 40950619?
6
What is the hundred thousands digit of 1038032609?
0
What is the ten thousands digit of 41584662?
8
What is the hundreds digit of 49299921?
9
What is the millions digit of 238743256?
8
What is the hundreds digit of 57069015?
0
What is the hundred thousands digit of 279887265?
8
What is the hundred millions digit of 128392504?
1
What is the millions digit of 876789341?
6
What is the tens digit of 1620515490?
9
What is the millions digit of 151514177?
1
What is the hundred thousands digit of 805862692?
8
What is the hundred thousands digit of 999775607?
7
What is the ten thousands digit of 341034796?
3
What is the thousands digit of 20166160?
6
What is the thousands digit of 4312475346?
5
What is the ten millions digit of 29978177?
2
What is the hundreds digit of 448767748?
7
What is the ten thousands digit of 152481714?
8
What is the millions digit of 16503369?
6
What is the hundreds digit of 396768005?
0
What is the billions digit of 1272668018?
1
What is the thousands digit of 5349993070?
3
What is the units digit of 24533620?
0
What is the ten millions digit of 552397399?
5
What is the millions digit of 8687970?
8
What is the hundred thousands digit of 39247489?
2
What is the tens digit of 70970466?
6
What is the hundreds digit of 353969696?
6
What is the ten millions digit of 17134028?
1
What is the units digit of 62946968?
8
What is the units digit of 631170886?
6
What is the millions digit of 562794842?
2
What is the hundred thousands digit of 5148046373?
0
What is the thousands digit of 4585017132?
7
What is the hundred thousands digit of 35781853?
7
What is the hundred thousands digit of 693935062?
9
What is the ten thousands digit of 6456351808?
5
What is the hundred millions digit of 2365788650?
3
What is the ten millions digit of 144199133?
4
What is the ten millions digit of 41145577?
4
What is the ten thousands digit of 5035669?
3
What is the hundreds digit of 334248157?
1
What is the units digit of 131484228?
8
What is the hundreds digit of 3881755?
7
What is the hundred millions digit of 560965813?
5
What is the hundred thousands digit of 2542720723?
7
What is the hundred millions digit of 3840755953?
8
What is the ten millions digit of 106087556?
0
What is the tens digit of 170310712?
1
What is the hundreds digit of 421348569?
5
What is the thousands digit of 38347657?
7
What is the ten millions digit of 93394006?
9
What is the ten thousands digit of 94156684?
5
What is the tens digit of 93696191?
9
What is the ten thousands digit of 75982487?
8
What is the tens digit of 22570169?
6
What is the ten millions digit of 11194970?
1
What is the ten millions digit of 47447762?
4
What is the tens digit of 42037192?
9
What is the units digit of 2257999983?
3
What is the ten millions digit of 175221139?
7
What is the hundred millions digit of 721166813?
7
What is the millions digit of 198576035?
8
What is the ten thousands digit of 703714757?
1
What is the ten thousands digit of 480285662?
8
What is the tens digit of 448326411?
1
What is the ten thousands digit of 203771054?
7
What is the tens digit of 35648932?
3
What is the ten millions digit of 249342576?
4
What is the thousands digit of 29287401?
7
What is the thousands digit of 8628104?
8
What is the thousands digit of 162224624?
4
What is the units digit of 1432960730?
0
What is the hundreds digit of 401014524?
5
What is the millions digit of 521171069?
1
What is the units digit of 43944826?
6
What is the ten millions digit of 72246773?
7
What is the millions digit of 194843328?
4
What is the billions digit of 1708868726?
1
What is the tens digit of 3796223532?
3
What is the hundreds digit of 327808059?
0
What is the hundreds digit of 1030350845?
8
What is the units digit of 8301357?
7
What is the thousands digit of 1617134290?
4
What is the millions digit of 4497706?
4
What is the units digit of 34500180?
0
What is the hundred millions digit of 1074343497?
0
What is the hundred millions digit of 2797873320?
7
What is the ten thousands digit of 680463656?
6
What is the hundreds digit of 606775386?
3
What is the hundreds digit of 5845406278?
2
What is the thousands digit of 418418138?
8
What is the units digit of 38884844?
4
What is the thousands digit of 14192630?
2
What is the hundreds digit of 5528797652?
6
What is the hundreds digit of 615121627?
6
What is the ten millions digit of 1265819181?
6
What is the units digit of 52222984?
4
What is the ten millions digit of 69804375?
6
What is the units digit of 911880141?
1
What is the ten millions digit of 507375024?
0
What is the tens digit of 10984615?
1
What is the millions digit of 686781536?
6
What is the thousands digit of 1004708465?
8
What is the ten thousands digit of 4048905377?
0
What is the hundred millions digit of 571035784?
5
What is the millions digit of 4123573488?
3
What is the ten millions digit of 31682486?
3
What is the hundreds digit of 1180027964?
9
What is the ten millions digit of 487972043?
8
What is the millions digit of 45841294?
5
What is the millions digit of 10616222?
0
What is the ten millions digit of 987082885?
8
What is the hundred thousands digit of 39781516?
7
What is the units digit of 467567723?
3
What is the hundred thousands digit of 20917253?
9
What is the ten millions digit of 27361486?
2
What is the tens digit of 52177169?
6
What is the hundreds digit of 85631548?
5
What is the ten thousands digit of 98663930?
6
What is the ten thousands digit of 2579244755?
4
What is the units digit of 694812644?
4
What is the thousands digit of 21617034?
7
What is the thousands digit of 8133336?
3
What is the hundred millions digit of 1235811740?
2
What is the hundreds digit of 11462060?
0
What is the billions digit of 3867822423?
3
What is the tens digit of 65538484?
8
What is the ten millions digit of 647522703?
4
What is the units digit of 1460846707?
7
What is the ten thousands digit of 27249870?
4
What is the thousands digit of 542140606?
0
What is the thousands digit of 1013448294?
8
What is the ten thousands digit of 4155925984?
2
What is the ten thousands digit of 1517047757?
4
What is the hundreds digit of 102683970?
9
What is the tens digit of 187218178?
7
What is the hundred thousands digit of 55338801?
3
What is the ten thousands digit of 6502841983?
4
What is the ten thousands digit of 52832958?
3
What is the tens digit of 141870313?
1
What is the tens digit of 8293673?
7
What is the ten thousands digit of 7300722168?
2
What is the hundred millions digit of 502088267?
5
What is the ten thousands digit of 73550216?
5
What is the millions digit of 7186195?
7
What is the hundred thousands digit of 8503104?
5
What is the ten millions digit of 1698813781?
9
What is the thousands digit of 252168177?
8
What is the hundred millions digit of 4112163301?
1
What is the millions digit of 64975705?
4
What is the ten millions digit of 5773730816?
7
What is the hundreds digit of 363913310?
3
What is the tens digit of 3167029229?
2
What is the millions digit of 33208122?
3
What is the tens digit of 103555061?
6
What is the hundred thousands digit of 563866253?
8
What is the hundred thousands digit of 3403755068?
7
What is the tens digit of 28299246?
4
What is the ten thousands digit of 12042729?
4
What is the hundred thousands digit of 112219559?
2
What is the ten millions digit of 1888940120?
8
What is the tens digit of 1659449887?
8
What is the units digit of 139295912?
2
What is the ten thousands digit of 548464090?
6
What is the hundred thousands digit of 375